2 - z. Let a be 15*1 + (-8)/4. What is the highest common factor of c and a?
13
Let n be (-2)/4 + 62/4. Suppose -4*u + 0*b + 93 = -b, -n = -5*b. Calculate the highest common divisor of 60 and u.
12
Let w be 1/6 + (-238)/(-12). Calculate the greatest common divisor of 220 and w.
20
Suppose 7*t - 6 = 4*t. Let v(b) = 2*b**2 + b - 2. Let y be v(t). Suppose -r + 5 = -y. What is the highest common divisor of 65 and r?
13
Let i be (-7)/((-3)/(-2) + -2). Calculate the greatest common factor of i and 28.
14
Let p be (-1)/5 + 182/10. Let i(o) = -o**3 + 5*o**2 - 3*o - 3. Let m be i(3). Calculate the greatest common factor of p and m.
6
Let a be (-24)/9*(-81)/6. Let l = a + -17. Calculate the greatest common divisor of 152 and l.
19
Suppose -4*m + 6*m = -3*r + 105, 4*m + 3*r = 201. Calculate the greatest common divisor of 36 and m.
12
Suppose 3*g + 175 = 5*l - 0*g, 2*l + 5*g - 39 = 0. Calculate the greatest common divisor of 24 and l.
8
Suppose 0 = -0*c - 3*c + 2*n + 109, 4*c + 3*n - 134 = 0. Calculate the greatest common divisor of c and 7.
7
Let i be ((-14)/8)/((-2)/128). Let a(c) = c + 14. Let v be a(0). What is the greatest common divisor of v and i?
14
Let n(h) = h**2 - h - 4. Let x be n(0). Let d be 4*(-2 + 0)/x. Suppose -3*g = 3*i - 3, -4*g - 26 = -d*i + i. Calculate the greatest common divisor of 18 and i.
6
Let q = 70 + -45. What is the highest common divisor of q and 225?
25
Suppose 2*l + 5*y - 31 = 0, 8*y - 3*y = l + 22. Suppose -82 + 13 = -l*w. Calculate the highest common divisor of 23 and w.
23
Suppose 0 = -x - 4, -2*i + 128 + 120 = 4*x. Suppose -24 = -2*s - 2*u, 4*s - 5*u = -35 + 83. What is the highest common divisor of i and s?
12
Suppose -40 = -2*n - 16. Suppose 2*g - 4 = g. Suppose y = r + 3*r - 478, -2*r + 232 = -g*y. Calculate the greatest common divisor of n and r.
12
Let x(w) = w**3 + 4*w**2 - 5*w + 1. Suppose 0*h + 5 = -2*h + a, -3*h - 4*a - 24 = 0. Let u be x(h). Calculate the greatest common factor of u and 63.
21
Let s be (-112)/(-7) - (-4)/(-2). Let r be 18/12*14*2. What is the greatest common factor of r and s?
14
Suppose -l = -31 + 10. Calculate the greatest common divisor of 3 and l.
3
Let q be (-10)/2 + (1 - -2). Let j = 5 + q. What is the highest common factor of 24 and j?
3
Let g(s) = -s**3 + 7*s**2 + 3*s - 11. Let w be g(5). What is the greatest common divisor of w and 18?
18
Suppose 3*j - 426 = 3*p, 0 = -j - p + 91 + 55. Calculate the greatest common divisor of 18 and j.
18
Let f = 62 + -6. Suppose -f = -0*i - i. What is the highest common factor of i and 14?
14
Let l be (4/6)/(10/420). Let j be (1/(-2))/(2/(-28)). Calculate the greatest common divisor of j and l.
7
Suppose -4*p = -p + 4*c - 14, 2*c = 3*p - 2. Suppose 0 = 5*n - 0*n - m - 52, n = 2*m + 14. What is the highest common divisor of p and n?
2
Suppose -5*n - 33 = -123. Let s be 1/((1 - 2)/1) - -73. What is the greatest common factor of n and s?
18
Let z be ((-20)/14)/(14/(-49)). Calculate the highest common factor of z and 20.
5
Let v(x) = -2*x - 2. Let u be v(3). Suppose 4*i = 11 + 101. Let n be (u/i)/(2/(-14)). Calculate the greatest common factor of n and 8.
2
Let c(v) = v**2 + 9*v - 5. Let r be c(-11). Calculate the greatest common divisor of 17 and r.
17
Let b = -5 + 1. Let j(l) = l**3 + 4*l**2 - 6*l - 9. Let p be j(-6). Let w be 24/9*p/b. What is the greatest common factor of w and 6?
6
Let j(x) = -x**3 - x + 14. Suppose -d - 5 - 3 = 2*h, 2*d - 3*h = 12. Suppose d = 3*y + 2*y. Let m be j(y). Calculate the greatest common divisor of m and 2.
2
Suppose 4*j + 13 = 2*m - 11, -3*m + 46 = 4*j. Let b = 17 - 11. Let a = b - -1. What is the highest common factor of a and m?
7
Let t(m) = 8*m**2 - m + 2. Let r be t(4). Calculate the greatest common divisor of r and 18.
18
Let c = 7 + -2. Let p be (3 + c)/((-4)/(-98)). Calculate the greatest common factor of p and 28.
28
Let x(l) = -l + 6. Let t be x(4). Suppose 3*o + 29 = t*o. Let p be (2 - 1)*-3 - o. Calculate the greatest common divisor of 65 and p.
13
Let p be 1/(6/(-3))*-20. Suppose 0 = 5*h - 0 - p. Suppose 4*n - 2*n - h = 0. What is the highest common divisor of n and 4?
1
Suppose 3*u + 3*n = -n + 104, n - 76 = -2*u. Calculate the highest common divisor of 8 and u.
8
Suppose 0 = -0*x - 2*x + 2*g + 22, x + 3*g + 1 = 0. Let p(a) = -a**3 - 6*a**2 - 8*a - 11. Let k be p(-5). Calculate the greatest common factor of k and x.
4
Let v(w) = w - 6. Let n be v(7). Let j be (2/6)/(1/3). What is the highest common factor of n and j?
1
Let z(x) = x. Let f be z(6). Let m = 19 - 13. Suppose 2*i = m + 54. Calculate the greatest common divisor of f and i.
6
Let m(y) = 1 + 2*y**2 + 6*y + 3*y**2 - 3*y. Let j be m(-3). Let o = 40 + j. Calculate the greatest common divisor of 11 and o.
11
Let c = -219 + 406. Calculate the highest common factor of 17 and c.
17
Suppose 0 = -6*t + 3*t + 312. Suppose -i + 6*i + m = t, -44 = -3*i + 4*m. What is the greatest common factor of 8 and i?
4
Suppose 3*q = 36 + 9. Let n be 28/5 - (-6)/q. Let v be n/27 + 428/18. What is the highest common divisor of v and 12?
12
Let i be 14/(-4)*(1 + -13). Let a = -5 + 16. Let r = a - -3. What is the greatest common factor of r and i?
14
Let a be ((-12)/(-18))/((3 + 0)/162). Calculate the highest common factor of 180 and a.
36
Let v(h) = -h**2 - 4*h + 7. Let y be v(-5). Let w(c) = -3*c + 3*c - 1 - 15*c**3 + c**y. Let l be w(-1). Calculate the greatest common factor of l and 60.
15
Let s = -5 - -10. Suppose 81 = 5*i - 5*l + 31, -34 = -s*i - 3*l. Let z = 234 - 232. Calculate the highest common divisor of z and i.
2
Suppose -a + 4*d = -d - 95, a + 2*d - 60 = 0. Let y(b) = -9*b**3 - b. Let k be y(-1). What is the highest common divisor of k and a?
10
Let r be 34 - (1 + (4 - 1)). What is the greatest common divisor of 75 and r?
15
Let m(s) = -7*s - 55. Let z be m(-11). What is the greatest common factor of z and 22?
22
Let o(q) = -11*q - 21. Let u be o(-6). Suppose -a + 20 = 3*a. Calculate the greatest common factor of a and u.
5
Let y(r) = -2*r - 4. Let k be y(-3). Suppose 0 = -k*o + 4*o - 26. Let v = 6 - -20. What is the greatest common factor of v and o?
13
Let x = 30 + -17. What is the highest common factor of 39 and x?
13
Suppose 50 = -5*k + 7*k. What is the greatest common factor of k and 25?
25
Let d be (-2)/3 - (-94)/6. Let b(c) = 4*c**2 - 3*c. Let o be b(2). Suppose -o = -u - 0*u. Calculate the greatest common factor of u and d.
5
Let u be 3/(-1) - (2 - 306). Suppose 0 = -0*z + 2*z - 5*f - u, f = -5*z + 712. Suppose -3*t + 37 = -z. Calculate the greatest common factor of t and 12.
12
Let t be (2/4)/(2/8). Let u = t + 8. Let w be 0 - (-2 + (-28)/1). What is the greatest common factor of w and u?
10
Let y(f) = 2*f - 6. Let d be y(4). Suppose 32 = 4*l + 8. Let s be (-5)/(d - 15/l). What is the greatest common factor of s and 15?
5
Suppose 2*p - 427 = -5*n, -5*p + 1108 = -2*n + n. Suppose 3*q = p - 53. What is the highest common divisor of q and 8?
8
Suppose 2*g + s = 259, 5*s + 112 = -3*g + 511. Calculate the highest common divisor of g and 16.
16
Let z(q) = 11*q + 34. Let s be z(10). What is the highest common divisor of s and 48?
48
Suppose -12 = 4*p + 4*f - 0, -3*p = 5*f + 17. Let u be (-1 + 0)*(-5)/p. Calculate the greatest common divisor of u and 10.
5
Let c(k) = -k**3 + 7*k**2 - 5*k - 7. Let i be c(6). Let f = 6 - i. Calculate the highest common divisor of f and 7.
7
Let l be 20 - ((-18)/(-6) - -1). What is the highest common divisor of 2 and l?
2
Suppose -4 = -2*o + 4*o. Let g = o + 12. Calculate the highest common divisor of 110 and g.
10
Let w(p) = -5*p - 1. Let f be w(-5). Let b(o) = -o**3 + 7*o**2 + 9*o + 3. Let h be b(8). Let l = h - -5. What is the greatest common divisor of l and f?
8
Let b = 6 - 3. Let l be b*1*5/15. Let a be 13 + (0 + l)*0. Calculate the highest common factor of a and 143.
13
Suppose 3*h - 4*f + 14 = 0, -2*f + 14 = 4*h - 4. Suppose 3*z - 73 = -2*c, 0*c - 19 = -z - h*c. Calculate the highest common divisor of z and 3.
3
Let d(r) = 1 - 3*r + 0*r - 4 - 3. Let b be d(-4). What is the greatest common divisor of 66 and b?
6
Let g be (-10)/(-35) - (-12)/7. Let u be 248/14 - g/(-7). Calculate the highest common divisor of u and 6.
6
Suppose 5*o + 3*v - 7 = 12, 12 = 4*v. Suppose 5*d + 5*i - 37 = 43, 0 = 3*d - o*i - 28. What is the h